s digit of (0 + 11)*(16 - 9)?
7
Let k(m) = -m**3 - 14*m**2 + 12*m + 16. What is the tens digit of k(-15)?
6
Let k = 36 - -49. Suppose -o - k = 4*o. What is the units digit of (-4)/(3 + o/5)?
0
Let c be -57 + (0 - 0 - 0). What is the tens digit of (26/(-39))/(1/c)?
3
Let s = 5 - 13. What is the units digit of 6/8 + (-2)/s?
1
Let h = -7 - -15. Suppose -2*r + 6 = 3*y, y + 3*r = 3*y - 4. Suppose -h = -y*a - 0. What is the units digit of a?
4
Suppose -9 = -3*q, -3*q - 168 = -3*j - 7*q. What is the tens digit of j?
5
Let h(z) = 26*z - 10. What is the units digit of h(3)?
8
Let f = 66 - -13. What is the units digit of f?
9
Suppose 2*g = 7*g + 3*i, 4*i + 20 = 0. What is the units digit of ((-5)/g)/((-8)/96)?
0
Let r(a) = a. Let h be r(4). Suppose 14 = f - 5*n - 2, 12 = f - h*n. Let s = f - -8. What is the units digit of s?
4
Suppose -a + 82 = -5*p, 0 = 2*a - 0*a - 4*p - 152. What is the units digit of a?
2
Let t(a) = a**3 - 4*a**2 + 2*a + 3. Let v be t(3). Suppose -6*q + q + 90 = v. What is the tens digit of q?
1
Let x(c) = c. Let b(v) = -v**2 + v + 1. Let z(g) = -b(g) + x(g). What is the units digit of z(-2)?
3
What is the units digit of 2/(-6)*627/(-11)?
9
Let l(v) = -v**2 + 5*v - 5. Let f be l(4). Let i = 0 - f. What is the units digit of i/((3/21)/1)?
7
Suppose 2*d = 0, -q - 2*d = -5*d - 44. Let c = q + -63. Let v = 27 + c. What is the units digit of v?
8
Let r(i) = -5*i - 2. Let t be r(3). Let w = -9 - t. What is the units digit of w?
8
Suppose 78 = 2*b - 16. Suppose 3*g + 2*j = b, g + 3*j - 23 = 6*j. What is the tens digit of g?
1
Let c(l) = -l**3 - l + 3. Let h be c(0). Suppose h - 39 = -4*k. What is the units digit of k?
9
What is the units digit of (-78)/(-5)*(18/4 + -2)?
9
Let o = 69 - 45. What is the tens digit of o?
2
Let s = -12 + 14. Suppose -14 = -l - 4*k, -s*l = k - 4*k - 6. What is the units digit of l?
6
Suppose -6*l + 1039 = 151. What is the hundreds digit of l?
1
Let j = 10 + -6. Suppose s = -4*s + j*g + 79, -3*s + g + 53 = 0. Suppose 0 = 5*v - s - 16. What is the units digit of v?
7
Suppose 5*q + 82 = 7*q. What is the tens digit of q?
4
Let w(i) be the second derivative of i**4/12 + 2*i**3/3 + i**2/2 + i. What is the tens digit of w(-7)?
2
Suppose 3*z = 4*v - 292, 4*z = 2*v - v - 60. Suppose -2*a - 8 + v = 0. What is the tens digit of a?
3
Suppose -10*z + 174 = -4*z. What is the tens digit of z?
2
Let l(d) = -3*d**2 + d + 1. Let s be l(-1). Let p(a) = -8*a + 3. What is the units digit of p(s)?
7
Let j(t) = 5*t + 159. What is the tens digit of j(0)?
5
Let c(k) = k**3 + 10*k**2 + 14*k + 3. What is the units digit of c(-7)?
2
Suppose 0 = 5*v - f - 11, f - 2 = -2*v - f. Suppose v*h + q = -3*h - 85, -58 = 3*h + 2*q. Let n = h - -31. What is the units digit of n?
5
Suppose -2*j + 50 = 3*j + 5*s, -2*s = -5*j + 85. Let f = 31 - j. What is the tens digit of f?
1
Let a(k) = -k**3 + 9*k**2 + 9*k + 14. Suppose -1 + 41 = 4*y. Let i be a(y). Suppose -9 = -c - i. What is the units digit of c?
5
What is the units digit of (68/(-16))/((-2)/40)?
5
What is the tens digit of ((-3 - -149) + -3)/1?
4
Let u = 1 - 13. Let v be 2/u - (-106)/(-12). What is the tens digit of (-1 + 0)*(-6 + v)?
1
Suppose -2*h = -4*h - 2*r + 274, 2*h = 3*r + 284. What is the hundreds digit of h?
1
Let f be 4/(-12) + (-133)/(-3). Suppose -f + 4 = -5*n. What is the units digit of n?
8
Suppose 4*j - 54 = -150. Let k = j - -37. What is the units digit of k?
3
Let m(x) = -3*x + 1. Let f be m(2). Let o = 29 + f. Let h = o - 17. What is the units digit of h?
7
Let d be 3*(2/(-6) + 0). Let h = d + 1. Suppose 9 = -h*c + c. What is the units digit of c?
9
Suppose 0*d = 5*d. Suppose y + 4*y - 10 = d. Suppose -x - y = -3*x. What is the units digit of x?
1
What is the hundreds digit of (213 - 7)*(-2)/(-4)?
1
Suppose 0 = -4*j + 3*g - 9, 3*j + 4 + 4 = g. Let u = j - -7. What is the units digit of u?
4
Let n be (5/2)/(1/2). Suppose -18 - 2 = -n*r. Suppose -2*o = 5*w - 12, -2*o - 4*w + r + 6 = 0. What is the units digit of o?
1
Suppose 4*m = -a + 39 + 67, -m - a + 28 = 0. Let c = -18 + m. What is the units digit of c?
8
Let k = -19 + 57. Suppose 0 = -2*h + 3*o + k, 3*h + 2*o = -0*o + 83. What is the units digit of h?
5
Suppose 5*g - 180 + 0 = 0. What is the units digit of g?
6
Suppose 0 = -4*o, 5*j - 8 = o + 12. Suppose 0 = p + c + 3, -j*p + 4*c = -0*c - 20. What is the units digit of p?
1
Suppose -h - 2*h + 3 = 0. Suppose 3*c - h = 2. Suppose -25 = -3*s - c. What is the units digit of s?
8
Let f = -45 + 102. What is the tens digit of f?
5
Suppose -156 + 18 = -3*y. Let t = y - 22. What is the tens digit of t?
2
Let j be -52 + (6 - (1 + 2)). What is the units digit of j/(-4) - (-4)/(-16)?
2
Let p = 4 + 0. Suppose 4*k = 4 + p. Suppose m + 3 = k*b - 8, 5 = -5*m. What is the units digit of b?
5
Suppose 2*l - 5*d = 205, -2*l + l + 100 = -5*d. What is the hundreds digit of l?
1
Suppose -5*t + 1 = -l, t = 5*t - l - 1. Let s(i) = i**3 + i**2 + 28. What is the tens digit of s(t)?
2
What is the units digit of (-10)/(-15)*-5*-90?
0
Let t = 10 + -6. Suppose -5 - 51 = -t*n. What is the units digit of n?
4
Suppose 5*n - 2*n - 3*w - 141 = 0, 3*n + 4*w - 176 = 0. What is the units digit of n?
2
Suppose p - 4*s = 155, -2*s + 312 - 12 = 2*p. What is the hundreds digit of p?
1
Let j(f) = f**2 + 3*f - 6. Let o be j(-5). Let t be o/(-6) + (-148)/(-6). Suppose 0 = -2*u - 4*a + t, 4*a = -u + 12 + 4. What is the units digit of u?
8
Suppose 0 = -14*u + 12*u + 198. What is the units digit of u?
9
Suppose 5*h + 2484 = 17*h. What is the units digit of h?
7
Suppose 0 = 5*n + 7 - 77. What is the units digit of n?
4
Let n = -7 - -18. Let x = 15 - n. Suppose -x*p = -13 - 7. What is the units digit of p?
5
Let s = 0 - -8. Let h be (-20)/(-5)*54/s. Suppose -5*v + 60 = -4*t, -4*v - 4*t = -3*t - h. What is the units digit of v?
8
Suppose -3*r = -2*g - 70, 16 = 2*r - 5*g - 16. What is the units digit of r?
6
Let w(p) = p - 3. Let v be w(6). Suppose 0 = -8*q + v*q - 105. Let j = -15 - q. What is the units digit of j?
6
Let h(a) = 0*a + 0 + 1 + 3*a - 2. Let j be h(1). Suppose 5*l - 75 = 4*c, -2*c = -j*l + l + 21. What is the units digit of l?
1
Let t be 1*(-4)/(-2) + 1. Suppose 4*a + 16 = -2*w, -w = -5*a + 4*w + 10. Let z = t + a. What is the units digit of z?
1
Let i(l) = 20*l - 3 + 3 + 1. What is the units digit of i(1)?
1
Let r be ((-20)/(-15))/(4/6). Suppose 0 = 5*d - 2*j - 134, -5*d + 92 + 34 = r*j. What is the tens digit of d?
2
Let z(j) be the third derivative of 3*j**5/5 + j**4/12 + j**3/6 - 4*j**2. What is the tens digit of z(-1)?
3
Suppose -4*y = -0*y - 192. What is the units digit of y?
8
Let u = 48 - 23. What is the units digit of u?
5
Let o(s) = -3*s - 14. Let c(d) = d + 5. Let g(r) = -17*c(r) - 6*o(r). What is the units digit of g(4)?
3
Suppose 49 = 7*f - 0*f. What is the units digit of f?
7
Let r = -33 + 55. What is the tens digit of r?
2
Suppose 3*z + b - 31 = 0, -8*z - 4*b = -3*z - 61. Suppose 4*x - 12 = -4. Let s = z - x. What is the units digit of s?
7
Let d be 1 + -1 - 1/1. Let p = d + 1. Let i = p + 1. What is the units digit of i?
1
Let w be 1006/10 + 3/(-5). Suppose 2*c - c = 4, 4*d - 4*c - w = 0. What is the tens digit of d?
2
Suppose 5*s + 136 = 4*j + 3*s, -s = j - 34. What is the tens digit of j?
3
Let s(n) = 2*n**3 - 10*n**2 + 15*n - 5. What is the tens digit of s(7)?
9
Let d be 0 + -2 + 1 + 5. Suppose j = -d*q - 0 - 7, 5 = -j - 3*q. What is the units digit of j?
1
Suppose 1 = -2*f - 1, -3*c - 4*f = -8. What is the units digit of c?
4
Suppose -4*n + 76 = 5*d, -4*d + 21 = -3*d - 5*n. Suppose 2*a = 12 + d. What is the tens digit of a?
1
Let u(m) be the first derivative of -m**4/4 + 4*m**3/3 + 3*m**2 - m - 1. What is the units digit of u(4)?
3
Suppose 0 = 6*i - 2*i. Suppose 0 = -5*t - 4*l + 70, 0 = -t - i*t - 5*l + 14. What is the tens digit of t?
1
Let v(h) = -7 + 2*h + 3*h + 2*h**2 + 0*h. Let d be v(-5). Let k = d + -11. What is the units digit of k?
7
Let b = 0 - -2. Let k be 9/3 - b - -3. Suppose -k*c + 20 = -2*c. What is the units digit of c?
0
Suppose 2*w + 4 = 0, -2*l + 4*w + 10 + 16 = 0. Let c = l + -8. What is the units digit of (-4 - (0 - c)) + 8?
5
Let o = -3 - -5. Suppose 28 = -o*s + 4*s. What is the units digit of s?
4
Let n be (-65)/(-10) - 2/4. Suppose -n*v + 106 = 16. What is the units 